(-6)/5)/(-3). Calculate the remainder when 3 is divided by j(y).
1
Let g(a) = a**2 + 9*a - 3. Let u(z) = 2*z - 4. What is the remainder when u(8) is divided by g(-10)?
5
Suppose 6*n - 3*n - 12 = 0. Let a be 6/15 + (-7)/5. Let m = a + 4. Calculate the remainder when n is divided by m.
1
Suppose 2*l = l. Suppose l = -2*c + v + 15, 3*c + 5*v - 60 = -2*c. What is the remainder when 34 is divided by c?
7
Let z = 279 + -260. Let k = -34 + 88. Calculate the remainder when k is divided by z.
16
Calculate the remainder when -3*(-340)/6 - -4 is divided by 44.
42
Suppose 28*z = 25*z + 54. Calculate the remainder when z is divided by 10.
8
Let r = 12 + 13. Suppose m + 12 = 5*m. Suppose m = -3*d + 30. Calculate the remainder when r is divided by d.
7
Suppose 27 + 15 = 6*x. Calculate the remainder when 39 is divided by x.
4
Let a = -18 - -25. Suppose 3*x = a*x - 196. Calculate the remainder when x is divided by 17.
15
Let u(h) = -h**2 - 10*h - 9. Let m = -1 - -4. Suppose 26 = -m*c + 2. What is the remainder when 20 is divided by u(c)?
6
Let o(p) = 4*p**2 - 23*p - 4. What is the remainder when o(10) is divided by 28?
26
Let a(u) = -16*u - 1. What is the remainder when a(-3) is divided by (-6)/(-9) - 92/(-6)?
15
Suppose 0 = -3*i - 5*h + 4 + 20, -i - 2*h = -7. Suppose f + 1 = 0, 50 = 2*a + 4*f - 6*f. Calculate the remainder when a is divided by i.
11
Calculate the remainder when 147 is divided by (1 - 16*-3) + (13 - 11).
45
Let d(b) = 2*b**2 + 6*b - 9. What is the remainder when d(-7) is divided by 284/18 - 1*(-16)/72?
15
Let n(z) = -16*z. Suppose 5*y = u - 42, 3*u - 5*y + 0*y = 76. What is the remainder when n(-2) is divided by u?
15
Suppose 7*y = 4*y + 174. Suppose -2*k + 7*k - 25 = 0, -2*k = -4*d - 26. What is the remainder when y is divided by (-316)/(-16) - 1/d?
18
Calculate the remainder when 22 is divided by 11 - (-1 - 16/(-4)).
6
Let f be (2 - 1)/((-2)/6). Let n = 7 + f. Suppose -4*z + 14 = -2*y, -5*z + z = -5*y + 1. What is the remainder when z is divided by n?
2
Suppose -m - 3*t = -7, -3*m - m + 39 = t. Let q = 49 - 30. What is the remainder when q is divided by m?
9
Let z = 10 - 6. Let h be 1 - 5/((-15)/6). Suppose 3*w + d - 38 = 0, h*d = z*w - 20 - 22. What is the remainder when 34 is divided by w?
10
Let n(p) = p. Let u(r) = 20*r. Let o(t) = -24*n(t) + u(t). Suppose 2*k - 4*j - 29 = j, -3*j = -k + 13. What is the remainder when k is divided by o(-3)?
10
Suppose -15 = 3*p, -2*p - 39 = -2*v + p. Let c(l) = -15*l**3 + l**2 - l - 1. Calculate the remainder when c(-1) is divided by 6/(-2) + 0 + v.
7
Let l(s) = -2*s + 2. Let k be l(-3). Let t(h) = 4*h**2 + 2*h - 4. Let q be t(2). Let u = q + k. What is the remainder when u is divided by 9?
6
What is the remainder when 224 is divided by (-341)/(-22) + (-2)/4?
14
Calculate the remainder when (1 + 2)/((-33)/(-77)) is divided by 5.
2
Suppose -3*c + 28 = 2*z + c, z - 4*c + 16 = 0. Suppose -16 = 4*l, y - 4*y + 121 = -z*l. Calculate the remainder when y is divided by 9.
8
Let j(s) be the first derivative of s**2 - 18*s + 8. What is the remainder when 39 is divided by j(14)?
9
Let p(a) = 2*a**2. Let b be p(-1). Suppose -2*q + 42 = -b*d, 5*q = -0*q + d + 89. Calculate the remainder when q is divided by 6.
5
Suppose -o + 1 = -1. Suppose 0 = o*d + 2*k - 5*k - 4, -k + 4 = 2*d. Calculate the remainder when 4 is divided by d.
0
Let l(h) = -h**2 + h + 1. Suppose i + 4*z + 8 = 2*z, 0 = 2*i + 2*z + 20. Calculate the remainder when ((-1)/(-1))/((-4)/i) is divided by l(0).
0
Suppose -5*h + h + 76 = 0. Calculate the remainder when h is divided by 7.
5
Calculate the remainder when (-662)/(-6) - ((-15)/9 - -1) is divided by 38.
35
Let b = 294 + -126. Calculate the remainder when b is divided by 17.
15
Suppose -h = -6*h + 5. Let a(d) = 2*d**2 - 1. Let x be a(1). Calculate the remainder when 49 is divided by (-18)/(x + -2) - h.
15
Let f = 17 - 8. Suppose 0 = 2*m + 7 + 9. Let y = m + f. Calculate the remainder when 2 is divided by y.
0
Let r(w) = 3*w**2 + 2*w + 1. Calculate the remainder when r(2) is divided by 10.
7
Let s(y) = y**3 - y**2 - y. Suppose -2*g = -4*g + 14. What is the remainder when g is divided by s(2)?
1
Calculate the remainder when 28 is divided by (-8)/(-16)*(2 - -12).
0
Let t(h) = -15*h**3 - 3*h**2 - 7*h - 5. Calculate the remainder when t(-2) is divided by 30.
27
Calculate the remainder when 8 is divided by 2 + (-5 - -1) + 8.
2
Calculate the remainder when 82 is divided by 14*-1*(-3 + -3 + 4).
26
Let n(x) = 2*x**2 + 18*x - 3. What is the remainder when 82 is divided by n(-10)?
14
Let l = 29 + -8. Suppose 5*p = 25 + 15. Calculate the remainder when p is divided by (-4)/(-6) + l/9.
2
Let c(h) = h**2 - 2*h - 3. Let z be c(3). Suppose 0 = -2*n + n + t + 33, z = -4*n + t + 141. Calculate the remainder when n is divided by 19.
17
Let j(t) = t**2 + 7*t + 5. Let s be j(-7). Suppose -v + 10 = 2*k + k, s*v = -5*k + 60. What is the remainder when 36 is divided by v?
10
Suppose 5*x - 5*p = -1495, x + 3*x + 1203 = -3*p. Calculate the remainder when (2/(-2))/(10/x) is divided by 11.
8
Let j = 68 - -49. What is the remainder when j is divided by 15?
12
Let g = 93 + -56. Suppose 0 = k + 4*k - 2*i - 21, 0 = 3*k + 3*i - 21. Suppose -k*t + 16 + 49 = 0. What is the remainder when g is divided by t?
11
Suppose 2*v - v - 5 = 0. Suppose 2*p - 1 - 15 = -v*w, 0 = -2*w - 4*p. Suppose r - 40 = -w*r. What is the remainder when 22 is divided by r?
6
Let z = 4 + 1. Suppose -g - 6 - 4 = -z*f, -5*g - 5*f = -40. Calculate the remainder when 13 is divided by g.
3
Let p be (-4)/(-2*(-3)/(-69)). Calculate the remainder when p - (1 + (-1)/(-1)) is divided by -1 + 2 + 14 + 0.
14
Suppose -9*q + 105 = -8*q. Calculate the remainder when q is divided by 27.
24
Let b = 17 - 8. Suppose 6*l = 3*l + 75. What is the remainder when l is divided by b?
7
Let w = -644 + 982. What is the remainder when w is divided by 20?
18
Suppose 46*v - 28 = 42*v. Suppose 2*q + 0*q = 4. Let o(h) = 3*h**3 - 3*h**2. Calculate the remainder when o(q) is divided by v.
5
Suppose 0 = -0*i - 2*i + 8. Suppose i*m - 5 - 19 = 0. Calculate the remainder when 2/(-7) - 484/(-28) is divided by m.
5
Suppose -22 = -3*j + 2*v, 0 = -2*j + 6*v - 2*v + 28. Suppose -200 = -k - j*k. Calculate the remainder when k is divided by 14.
12
Let i = -5 - -18. What is the remainder when i is divided by 3?
1
Suppose 2*j = 2 + 2. Suppose 55 = 7*q - j*q. What is the remainder when q is divided by 6?
5
Let n be (-87)/(-6) + 1/(-2). Suppose -30 = -2*t + n. Calculate the remainder when t is divided by 12.
10
Let x(h) = -4*h**2 - 6*h - 5. Let v be x(-4). Calculate the remainder when ((-1)/3)/(3/v) is divided by 3.
2
Let q be (-2 - 0) + (6 - 45). Let m = -23 - q. What is the remainder when 69 is divided by m?
15
Let x be (-4 + 6)/(2/4). Calculate the remainder when 26 is divided by x/(-14) - 390/(-42).
8
Let r(c) = -c + 2. Suppose 3 = -2*s - 9. Let a(p) = 8*p - 2. What is the remainder when a(3) is divided by r(s)?
6
Let h(f) = 11*f - 4. Suppose 2*n + 0*j - 30 = j, 4*n - 3*j - 58 = 0. What is the remainder when h(3) is divided by n?
13
Suppose d - 10 = 6*d. Let j = 41 + d. Suppose 0 = -5*s - 0*x + 3*x + j, 0 = -3*s + x + 25. What is the remainder when 26 is divided by s?
8
What is the remainder when 0 + -3 + 0 - -19 is divided by 9?
7
Let h(c) = -c**2 + 16*c - 18. What is the remainder when 47 is divided by h(14)?
7
Suppose 6 - 18 = -d. Calculate the remainder when 45 is divided by d.
9
Let s be (-4)/(-12) + 172/6. Suppose -1 + s = y + 4*x, -4*y - 5*x + 57 = 0. Suppose 2*i - 147 = -5*i. Calculate the remainder when i is divided by y.
5
Let t(o) = -o**2 + o - 3*o + 11 - 7*o - 2*o. Calculate the remainder when 61 is divided by t(-10).
19
Suppose -4*f - 4*r + 60 = 0, 0 = -5*r - 0*r + 15. Suppose 2*p - p - 15 = 0. Suppose 4*i - 199 = -p. Calculate the remainder when i is divided by f.
10
Let i = 1 - 0. Suppose 23 - i = f. What is the remainder when f is divided by 10 + (-1)/(-2)*4?
10
Suppose x = -0*x. Let m be x - (1 + 0 + -1). Calculate the remainder when 4 is divided by 2 + ((-2)/(-2) - m).
1
Let g = -4 - -11. Let w(c) = c - 3. Let q be w(5). Suppose 0 = -q*n - 4, -t + 2*n + 0*n + 17 = 0. Calculate the remainder when t is divided by g.
6
Let n be ((-2)/4)/(4/48). Let h be 4/n - (-176)/3. Suppose 4*j - h = 2